{"id":29,"date":"2015-02-17T15:06:32","date_gmt":"2015-02-17T15:06:32","guid":{"rendered":"http:\/\/knecht-hilft.de\/?page_id=29"},"modified":"2015-02-17T15:09:02","modified_gmt":"2015-02-17T15:09:02","slug":"haushaltsaufloesungen","status":"publish","type":"page","link":"https:\/\/knecht-hilft.de\/?page_id=29","title":{"rendered":"Haushaltsaufl\u00f6sungen"},"content":{"rendered":"<p>Ob bei Auszug, Nachlass oder einer Zwangsr\u00e4umung &#8211; manches Mal ist eine Haushaltsaufl\u00f6sung unumg\u00e4nglich. Wir von Ein Knecht f\u00fcr alle F\u00e4lle r\u00e4umen Wohnungen, H\u00e4user, Keller und Dachb\u00f6den, Lager, \u00f6ffentliche Geb\u00e4ude oder auch B\u00fcros, Kanzleien oder Praxen. Dabei gehen wir nicht nur zielstrebig, sondern vor allem zuverl\u00e4ssig vor. Wir hinterlassen das ger\u00e4umte Objekt besenrein und \u00fcbergabef\u00e4hig.<\/p>\n<p>Wenn Sie f\u00fcr gut erhaltene Gegenst\u00e4nde keine Verwendung mehr haben, machen wir Ihnen dar\u00fcber hinaus gerne ein Kaufangebot.<\/p>\n<p>K\u00f6nnen wir etwas f\u00fcr Sie tun? Dann nehmen Sie bitte mit uns Kontakt auf!<\/p>\n","protected":false},"excerpt":{"rendered":"<p>Ob bei Auszug, Nachlass oder einer Zwangsr\u00e4umung &#8211; manches Mal ist eine Haushaltsaufl\u00f6sung unumg\u00e4nglich. Wir von Ein Knecht f\u00fcr alle F\u00e4lle r\u00e4umen Wohnungen, H\u00e4user, Keller und Dachb\u00f6den, Lager, \u00f6ffentliche Geb\u00e4ude oder auch B\u00fcros, Kanzleien oder Praxen. Dabei gehen wir nicht nur zielstrebig, sondern vor allem zuverl\u00e4ssig vor. Wir hinterlassen das ger\u00e4umte Objekt besenrein und \u00fcbergabef\u00e4hig. &hellip; <a href=\"https:\/\/knecht-hilft.de\/?page_id=29\" class=\"more-link\"><span class=\"screen-reader-text\">Haushaltsaufl\u00f6sungen<\/span> weiterlesen <span class=\"meta-nav\">&rarr;<\/span><\/a><\/p>\n","protected":false},"author":1,"featured_media":0,"parent":15,"menu_order":2,"comment_status":"closed","ping_status":"closed","template":"","meta":[],"_links":{"self":[{"href":"https:\/\/knecht-hilft.de\/index.php?rest_route=\/wp\/v2\/pages\/29"}],"collection":[{"href":"https:\/\/knecht-hilft.de\/index.php?rest_route=\/wp\/v2\/pages"}],"about":[{"href":"https:\/\/knecht-hilft.de\/index.php?rest_route=\/wp\/v2\/types\/page"}],"author":[{"embeddable":true,"href":"https:\/\/knecht-hilft.de\/index.php?rest_route=\/wp\/v2\/users\/1"}],"replies":[{"embeddable":true,"href":"https:\/\/knecht-hilft.de\/index.php?rest_route=%2Fwp%2Fv2%2Fcomments&post=29"}],"version-history":[{"count":1,"href":"https:\/\/knecht-hilft.de\/index.php?rest_route=\/wp\/v2\/pages\/29\/revisions"}],"predecessor-version":[{"id":30,"href":"https:\/\/knecht-hilft.de\/index.php?rest_route=\/wp\/v2\/pages\/29\/revisions\/30"}],"up":[{"embeddable":true,"href":"https:\/\/knecht-hilft.de\/index.php?rest_route=\/wp\/v2\/pages\/15"}],"wp:attachment":[{"href":"https:\/\/knecht-hilft.de\/index.php?rest_route=%2Fwp%2Fv2%2Fmedia&parent=29"}],"curies":[{"name":"wp","href":"https:\/\/api.w.org\/{rel}","templated":true}]}}